1)/(w/(-16)) a prime number?
False
Let c be (-79396)/22 - (26 + (-5130)/198). Let b be (-2)/(-1) + 6384 + 0. Let m = c + b. Is m prime?
True
Suppose -36*q + 43768 = -6596. Is q a composite number?
False
Let u(k) = 2*k**2 - 15*k - 22. Let d be u(9). Suppose -d*w + 5*n = -121370, -4*w + 7*w - 2*n - 72825 = 0. Is w composite?
True
Let p = -32852 + 101205. Is p a composite number?
True
Let x = 31 - 29. Suppose 5*u + 15 = 4*c - 375, -3*c = x*u + 133. Let v = 177 - u. Is v a composite number?
False
Let v = 986568 + -493463. Is v a composite number?
True
Let i = -138265 - -240044. Is i a prime number?
False
Let j be -8 - 150/(-18) - (-28)/6. Suppose -o + 3*s + 1061 = 0, -j*s + 0 + 10 = 0. Is o a composite number?
True
Suppose 30*h + 1732027 = 7043317. Is h composite?
False
Let s(z) = -4*z - 20. Let q be s(-6). Let a be ((-12)/5)/((24/(-555))/q). Suppose -61 = x - a. Is x composite?
True
Let j be (2963232/90)/((-4)/50). Is j/(-88) - (-8)/44 a prime number?
False
Let u(n) = n**3 + 6*n**2 + 10*n + 15. Let s be u(-5). Let a(o) = -226*o - 23. Is a(s) a prime number?
True
Suppose 14*z - 178554 = 11*z + 3*c, -2*c = 4*z - 238054. Is z composite?
True
Let k(s) = -2*s**2 + 13*s - 1. Suppose 28*t + 14 = 30*t. Let q be k(t). Is (-19494)/q - (-2 - 7/(-4)) a prime number?
True
Let z = -157 - -157. Suppose -34*r - 24*r + 654646 = z. Is r composite?
False
Let y(i) = 83*i**2 - 21 + 39 - 20 - 4*i. Is y(5) a prime number?
True
Suppose -9*b = -8*b - 42. Is b/7 + 1968 + -1 a composite number?
False
Is 1012/230*21370/4 a composite number?
True
Let m(j) = -696*j + 83557. Is m(0) a prime number?
True
Let v be 42*4/(-4 - -8). Let f be (-8302)/v - (-2)/(-6). Let o = 808 - f. Is o a prime number?
False
Let c(g) = -703*g + 5. Let r = -46 - -43. Let n be c(r). Let a = -553 + n. Is a composite?
True
Let d(m) = -m**3 - 96*m**2 - 395*m - 86. Is d(-95) composite?
True
Let m be 87/(-12) - 1/(-4). Is m/112*2 + 6057/8 a composite number?
False
Suppose 18*n = 6*n + 60. Suppose 0 = -n*l + 2*q + 6593, -3*q = -4*l - 2*q + 5275. Is l composite?
False
Let p(d) = -14*d**3 + d**2 + 18*d + 8. Let h be p(-11). Suppose -5*c - 5*z = -h, c - 2062 - 1631 = 4*z. Is c composite?
False
Suppose -4*z = i - 16, 10*i + 3*z = 14*i + 12. Suppose i = -3*a + 4986 + 10635. Is a prime?
False
Let p(u) = 11372*u - 11863. Is p(148) composite?
True
Let y(o) = 176*o**3 + 4*o**2 - 10*o - 1. Is y(7) composite?
False
Suppose 3*q + 72 = 11*q. Suppose 11224 = q*d - 12950. Suppose 0 = 2*y - 4*z - d, 0 = y - 5*z - 318 - 1025. Is y prime?
False
Suppose 659386 = 6*p + 20*p. Is p prime?
False
Is (-7)/2 + (-1344257)/(-122) a prime number?
False
Suppose a = 2*s - 0*s + 47, 4*s - 179 = -5*a. Let m = -34 + a. Suppose -3*o - o + 3677 = m*n, 1852 = 2*o - 2*n. Is o composite?
True
Suppose 51*v - 944 = 43*v. Suppose 72*w = 70*w + v. Is w composite?
False
Suppose 7*h - 286969 = 142936. Suppose 0 = 6*r + 6653 - h. Is r prime?
True
Let v be (4/(-3))/1*(85 - 79). Let k(n) = 4*n**2 - 12*n - 65. Is k(v) prime?
False
Let m = 334 - -2795. Let w be 83 - 0*2/4. Suppose w*y + m = 86*y. Is y a composite number?
True
Let n = 157 + -153. Suppose n*o - 3899 = -3*o. Is o prime?
True
Suppose -4*t + 2*q = -58384, -q + 14601 = t + q. Is t prime?
False
Let u(y) = -y**3 - 11*y**2 - 6*y + 100. Let q be u(-29). Is q*((-5)/(-10))/1 - -5 prime?
False
Let t = 110353 - -97290. Is t prime?
True
Let h(c) = 17017*c - 295. Is h(2) a prime number?
True
Is 2252/(-10)*-20 - 5 prime?
False
Suppose 2*x + 5*u = 2692, -8 = -3*u + 4. Let h = 244 + -233. Suppose -15*r + x = -h*r. Is r prime?
False
Let c(i) = -27*i + 266. Let g be c(10). Suppose -3*v - 2 = -8. Is (-230)/g - (-3)/v composite?
False
Let c = -34827 - -92954. Is c prime?
False
Suppose -29*z + 226698 - 25184 = 9*z. Is z a prime number?
True
Is (-5 - (-1 + -2))*450234/(-36) prime?
True
Let o(c) = -670407*c**3 + 3*c**2 + 32*c + 31. Is o(-1) prime?
True
Let n be -3 - 38/(-7) - (-6)/(-14). Let i(h) = -4*h**n - h + 8*h**3 + 2*h**3 - 9 + 2*h - 9*h**3. Is i(5) a prime number?
False
Suppose -1972*b + 10112437 = -1869*b. Is b a prime number?
True
Let u = 147754 - -79609. Is u a prime number?
True
Suppose -17*g - 78805 = -631128 - 67344. Is g composite?
False
Let i(o) be the second derivative of -2*o**3 + 73*o**2/2 - 4*o + 15. Is i(-32) prime?
True
Let m be 4/18 - (172543/(-63) + 0). Let q = m - 1216. Is q composite?
False
Suppose 7792 = 6*y - 8*y. Let s = y - -6229. Is s composite?
False
Let i = 4985 - -63942. Is i a prime number?
True
Suppose 0*u + 4*u = -8, -3*o + 142 = u. Suppose 0 = 5*r + 3*q - 91511, o*r - 43*r = -5*q + 91515. Is r composite?
False
Suppose 0 = 107*n - 111*n + 14696. Let o = -741 + n. Is o a composite number?
True
Let g(d) = -2*d**2 - 24*d + 2. Let q be g(-12). Let c be (q + -1 + -7)*50/(-30). Is ((-2882)/3)/(-2) - c/(-15) prime?
False
Is 4665331/66*1 + 1/(-12)*-2 composite?
False
Suppose 12*n - 83485 = 7*n. Suppose -5*c - 3*x = -23647, 5*c - 6942 = -x + n. Is c a composite number?
True
Suppose 3*d - 5*y = d + 23, -3*d - 5*y = 3. Suppose -d*w + 4335 = 3*r + 2*r, 4*r = -20. Let q = -459 + w. Is q a composite number?
False
Let a(b) be the second derivative of 11*b**5/60 + 23*b**4/24 + 7*b**3/3 + 27*b. Let j(k) be the second derivative of a(k). Is j(9) composite?
True
Let g(o) = 7652*o - 1309. Is g(31) a composite number?
True
Let h(p) = -330552*p**3 - 4*p**2 - 39*p - 38. Is h(-1) a prime number?
False
Let m(j) = -618*j**3 - 10*j**2 - 35*j - 61. Is m(-5) a prime number?
False
Let k = -45951 - -88454. Is k prime?
False
Suppose 155*f + 2878972 = 4*k + 159*f, f + 6 = 0. Is k composite?
False
Let x(k) = -768*k**2 + k - 3. Let g be x(1). Let t = 1037 + g. Is t a composite number?
True
Suppose 0*z - 5*z - 4*h - 140 = 0, 4*h + 12 = -z. Is (-24)/z + (-47657)/(-4) a composite number?
True
Let o be 0 + 2 - (-1 - -27*26). Let h = o - -1030. Is h a prime number?
True
Let g(a) = -3*a + 2. Let z be g(-6). Let w(d) = -9*d + z*d + 11*d**2 - 8*d - 10*d - d**3 + 2. Is w(7) prime?
True
Let p(q) be the third derivative of q**6/120 - q**5/15 - 7*q**4/24 + 4*q**3/3 - 5*q**2. Let j be p(5). Is j*(-2)/(-14) + (-78768)/(-112) composite?
True
Let q = 14040 - 3105. Let m = 21616 - q. Is m composite?
True
Let m be (-56574)/45 - 1/(-5). Suppose 18*d - 13*d = 15290. Let n = m + d. Is n composite?
False
Suppose -40*y = 11255 + 152665. Is y/(-4)*(-10)/(-3) a prime number?
False
Suppose -70732 = -2*w - 3*z, -44*w + 45*w = 3*z + 35375. Is w composite?
True
Let s = -16223 + 262816. Is s a prime number?
False
Let v(m) = 1405*m**2 + 133*m - 51. Is v(9) composite?
True
Suppose 7*a + 84 - 112 = 0. Suppose -g = -a*n - 462 + 71, 0 = 4*n - 12. Is g prime?
False
Let u be (2/(-4))/((171/(-12024))/19). Let f = u - -743. Is f prime?
False
Let n be 40/12 + ((-24)/(-9) - 3). Suppose -6*w + 25911 = 3*q - n*w, -3*q = -w - 25927. Is q prime?
True
Let y = -27960 - -130049. Is y composite?
True
Suppose 0 = -5*r - 79512 - 376258. Let p be 4/22 - (r/77 - 4). Let i = -665 + p. Is i prime?
True
Let r(z) = 854*z + 243. Let c(a) = -570*a - 162. Let s(m) = 8*c(m) + 5*r(m). Is s(-7) a prime number?
True
Let i(h) = 876*h - 52. Let m(w) = -292*w + 17. Let s(y) = 2*i(y) + 7*m(y). Suppose -9*u - 46 = 26. Is s(u) a prime number?
True
Let m(w) = -59*w**2 - 3*w + 11. Let k(o) = 59*o**2 + 2*o - 10. Let i(v) = 7*k(v) + 6*m(v). Let q be i(-7). Suppose -12*l + 7*l = -q. Is l composite?
True
Let u(j) be the third derivative of 61*j**8/20160 - j**7/1680 + j**6/720 - 3*j**5/10 + 2*j**2. Let b(x) be the third derivative of u(x). Is b(3) a prime number?
True
Let y(x) = 10*x**3 - 9*x**2 - 4*x - 15. Let a(d) = d**2 - 25*d - 258. Let j be a(33). Is y(j) composite?
True
Suppose 54*k = 32*k - 514008. Let d = k - -34963. Is d composite?
True
Let g be ((-9)/((-90)/8))/(8/20). Suppose -4*z + g = -6. Suppose -2*x + 2*k = -992, -143 - 869 = -z*x - 2*k. Is x a composite number?
True
Suppose -y - 4*j + 3 = 0, 50 = 4*y + 4*j - 10. Suppose 12*s - 11*s = y. Suppose -s*l + 21257 = -28694. Is l prime?
False
Let n = 2080 + -628. Suppose -19*l + 21*l = n. Let f = l + 391. Is f composite?
False
Suppose 3459054 = -17896*m + 17902*m. Is m composite?
False
Let q = -5731 + 8304. Suppose -3*d = -202 - q. Suppose -a = -6*a + d. Is a composite?
True
Let y be (-20)/(-6)*(-108)/(-45). Let l(o) = -10 - 2